{"id":90,"date":"2017-12-13T19:35:08","date_gmt":"2017-12-13T19:35:08","guid":{"rendered":"http:\/\/islam-cf.ch\/?page_id=90"},"modified":"2020-10-15T20:30:44","modified_gmt":"2020-10-15T19:30:44","slug":"canakkale-gecilmez","status":"publish","type":"page","link":"https:\/\/islam-cf.ch\/?page_id=90","title":{"rendered":"\u00c7anakkale ge\u00e7ilmez"},"content":{"rendered":"<h4 align=\"center\"><strong>Rahman ve Rahim Olan ALLAH&#8217;\u0131n Ad\u0131yla &nbsp;Rasulune selat\u00fc selam ile<\/strong><\/h4>\n<h4 align=\"center\"><strong>\u00c7ANAKKALE GE\u00c7\u0130LMEZ (GE\u00c7\u0130LM\u0130\u015e G\u00d6Z\u00dcKSE DE)<\/strong><\/h4>\n<p align=\"left\">Cenab-\u0131 Allah&#8217;\u0131n, varl\u0131klarla hadiseleri yaratmas\u0131, Allah&#8217;\u0131n Kudret ve \u0130rade s\u0131fatlar\u0131na dayanan icraat\u0131n, O&#8217;nun peygamberli\u011fi tasdik ve evliyay\u0131 onurland\u0131rma, yaratt\u0131\u011f\u0131 mucizeler, kerametler, harikul\u00e2dilikleri ile m\u00fc\u015fahede ediyoruz.<\/p>\n<p align=\"left\">Cenab-\u0131 Allah&#8217;\u0131n bir de Din \u015feklinde tecelli eden kanunlar b\u00fct\u00fcn\u00fc vard\u0131r. Y\u00fcce Allah&#8217;\u0131n bu kanunlar b\u00fct\u00fcn\u00fcne uyup uymaman\u0131n m\u00fck\u00e2fat veya ceza \u015feklinde insanlara gelen sonu\u00e7lar\u0131 olur. Fitri hayat (bunlara pozitivistler Tabiat kanunlar\u0131 derler) kanunlar\u0131na uyup uymaman\u0131n kar\u015f\u0131l\u0131\u011f\u0131, inanan-inanmayan, dinli-dinsiz ayr\u0131m\u0131 olmadan genellikle d\u00fcnyada, kar\u015f\u0131l\u0131klar\u0131 g\u00f6r\u00fcl\u00fcr. (Ozon tabakas\u0131n\u0131n delinmesi, iklimlerin de\u011fi\u015fmesi \u00f6rne\u011fi gibi) &nbsp;Din&#8217;in \u0130man sahas\u0131na da girdi\u011fi \u00f6l\u00e7\u00fcde \u00c2hiret&#8217;te g\u00f6r\u00fcl\u00fcr. Din&#8217;e uyup uymaman\u0131n kar\u015f\u0131l\u0131\u011f\u0131 ise, genellikle \u00c2hiret&#8217;te, d\u00fcnya hayat\u0131n\u0131 ilgilendirdi\u011fi \u00f6l\u00e7\u00fcde d\u00fcnyada g\u00f6r\u00fcl\u00fcr.<\/p>\n<p align=\"left\">Asl\u0131nda tarih, Cenab-\u0131 Allah&#8217;\u0131n bu kanunlar\u0131 mecmuas\u0131na uygun d\u00fc\u015fen veya d\u00fc\u015fmeyen davran\u0131\u015flarla, bunlar\u0131n sonu\u00e7lar\u0131ndan ibarettir. Tarihe bu a\u00e7\u0131dan bak\u0131ld\u0131\u011f\u0131 zaman ibretler aynas\u0131 olur, ileriyi g\u00f6rme ve besleme marifetini olu\u015fturur.<\/p>\n<p align=\"left\">\u0130sl\u00e2m 13-14 as\u0131rl\u0131k tarihinde M\u00fcsl\u00fcmanlar\u0131n, Y\u00fcce Allah&#8217;\u0131n&nbsp; g\u00f6nderdi\u011fi dinine uymalar\u0131 \u00f6l\u00e7\u00fcs\u00fcnde d\u00fcnya ve ahiret saadetini yakalad\u0131klar\u0131 d\u00f6nemler oldu\u011fu gibi yakalayabilecekleri de vurgulanm\u0131\u015ft\u0131r.<\/p>\n<p align=\"left\">&nbsp;Sahabeler d\u00fcnyan\u0131n en mes\u2019ut d\u00f6nemini ya\u015fam\u0131\u015flard\u0131r. &nbsp;Re\u015fid halifelerde de durum fazla farkl\u0131 de\u011fildir. &nbsp;Emev\u00eeler, Abbas\u00eeler dine uymada acze d\u00fc\u015fmeleri sonucu gelen Mo\u011fol kas\u0131rgas\u0131n\u0131n ard\u0131ndan, ALLAH c.c. ihlas ve teslimiyeti \u00f6l\u00e7\u00fcs\u00fcnde temsil \u015ferefini, Osmanl\u0131lara bah\u015fetmi\u015ftir. Sel\u00e7uklular ara ge\u00e7i\u015f d\u00f6nemini temsil ederler desek heralde hata etmeyiz. Sel\u00e7uklular ile Osmanl\u0131lar, \u0130sl\u00e2m&#8217;\u0131, &nbsp;M\u00fcsl\u00fcman \u00e2lim ve m\u00fctefekkirlerin de kabul etti\u011fi \u00fczere, &nbsp;samimiyet, maneviyat ve fedak\u00e2rl\u0131k noktas\u0131nda Emev\u00eelerden ve Abb\u00e2s\u00eelerden daha g\u00fczel temsil etmi\u015flerdir.<\/p>\n<p align=\"left\">Bat\u0131, (gayrim\u00fcsl\u00fcmler) devaml\u0131 yenilgiye u\u011framalar\u0131 neticesinde teknolojiye sar\u0131lm\u0131\u015flar teknolojiye sar\u0131ld\u0131kca bilim sahas\u0131nda epey mesafe&nbsp; alarak&nbsp; 18. as\u0131rdan itibaren d\u00fcnyada hakimiyeti ele ge\u00e7irmeye ba\u015flam\u0131\u015flard\u0131r.<\/p>\n<p align=\"left\">M\u00fcsl\u00fcmanlarda ba\u015flayan Allah\u2019\u0131n kanunlar\u0131na uyma zaafiyeti, \u0130slam dan ad\u0131m ad\u0131m uzakla\u015fmaya ba\u015flamalar\u0131&nbsp; onlar\u0131 acziyete, ilim ve teknolojide gerileme zay\u0131fl\u0131\u011f\u0131na maddi \u00e7\u0131kara y\u00f6nelmeye acziyetine d\u00fc\u015f\u00fcrm\u00fc\u015f. Netice ceza olarakda mahk\u00fbmiyeti haketmeye&nbsp; y\u00f6neltmi\u015fdir.. \u0130slam d\u0131\u015f\u0131 sistemleri ilerleme-kalk\u0131nma aldatmacas\u0131yla d\u00fcnya g\u00f6r\u00fc\u015f\u00fc olarak kabul etmeye zorlanm\u0131\u015ft\u0131r.<\/p>\n<p align=\"left\">Y\u00fcce Allah, \u0130sl\u00e2m&#8217;\u0131 temsil \u015ferefini kendisinden ald\u0131\u011f\u0131 bir topluma bir daha geri vermezken, Osmanl\u0131lar\u0131n isl\u00e2m&#8217;a samimi ba\u011fl\u0131l\u0131klar\u0131 ve hizmetleri, Allah yolundaki emsali az g\u00f6r\u00fcl\u00fcr fedak\u00e2rl\u0131klar\u0131 gibi sebeplerle bu \u015ferefi, bu zaafiyetlerine ra\u011fmen &#8222;M\u00fcsl\u00fcman Osmanl\u0131 neslinden almam\u0131\u015ft\u0131r.<\/p>\n<p align=\"left\">\u00c7anakkale; bu manada ele al\u0131nd\u0131\u011f\u0131nda &#8222;Allah yolunda \u00f6ld\u00fcr\u00fclenleri \u00f6l\u00fcler sanmay\u0131n&#8220; \u00e2yetinin Sahabe \u015fehitlerinden sonra ikinci derecede \u0130slam\u0131n var olma veya yok olma meselesine d\u00f6n\u00fc\u015ft\u00fc\u011f\u00fc yerdir \u00c7anakkale.<\/p>\n<p align=\"left\">\u0130hmallerin a\u00e7\u0131k gizli ihanetlerin bedelinin en yo\u011fun olarak \u00f6dendi\u011fi yerdir \u00c7anakkale.<\/p>\n<p align=\"left\">Komutans\u0131z ordunun organize oldu\u011fu yerdir \u00c7anakkale.<\/p>\n<p align=\"left\">Maddenin yok oldu\u011fu sadece manan\u0131n teslimiyetine girildi\u011fi yerdir \u00c7anakkale.<\/p>\n<p align=\"left\">May\u0131nlar\u0131n meleklerle, Toplar\u0131n meleklerle d\u00f6\u015fendi\u011fi, ta\u015f\u0131nd\u0131\u011f\u0131 yerdir \u00c7anakkale.<\/p>\n<p align=\"left\">\u201cALLAH size yardim etti\u201d ayeti celilesinin &nbsp;a\u00e7\u0131ktan yeniden ye\u015ferdi\u011fi, ya\u015fand\u0131\u011f\u0131 yerdir \u00c7anakkale&#8230;<\/p>\n<p align=\"left\">Ayn\u0131 zamanda ,\u0130sl\u00e2m&#8217;\u0131n Asr-\u0131 Saadet&#8217;in g\u00f6lgesi olarak ikinci topyek\u00fcn dirili\u015f ve y\u00fckseli\u015finin kan ile suland\u0131\u011f\u0131 yerdir \u00e7anakkale.<\/p>\n<p align=\"left\">\u00c7anakkaleyi iyi okuyal\u0131m.<\/p>\n<p align=\"left\">Mehmetci\u011fin; \u201cYeti\u015f ya muhammed (s.a.v.) dinin elden gidiyor\u201d diye Rasulullah\u2019\u0131n yard\u0131ma \u00e7a\u011f\u0131r\u0131ld\u0131\u011f\u0131 yerdir \u00e7anakkale.<\/p>\n<p align=\"left\">\u00c7anakkale M\u00fcsl\u00fcmanlar\u0131n savunma muharebesidir. &nbsp;&nbsp;Orada \u0130slam ordusu vard\u0131r. \u00c7anakkale \u0130slam ad\u0131na savunma yap\u0131lan yerdir. &nbsp;\u00c7anakkale \u015fehitli\u011findeki \u015fehitlerin isimleri bunun en belirgin ispat\u0131d\u0131r.<\/p>\n<p align=\"left\">Ey islam\u0131n yeniden ye\u015feren aln\u0131 \u00f6p\u00fclesi gen\u00e7li\u011fi tarihini iyi incele. Oyunun \u00e7arklar\u0131 i\u00e7inde haf\u0131zana y\u00fcklenen sahte do\u011frular\u0131 ay\u0131klamaya \u00e7al\u0131\u015f. Yoksa bir yanl\u0131\u015fdan ba\u015fka bir yanl\u0131\u015fa y\u00f6nlendirirler seni.!!!<\/p>\n<p align=\"left\">\u00c7anakkale \u015fehidlerine ALLAH\u2019dam c.c Rahmet dilerim, Yarab makamlar\u0131 senin rizan olsun&#8230;<\/p>\n<p align=\"left\">Mustafa \u00d6zt\u00fcrk &nbsp;14.03.2012<\/p>\n<p align=\"left\">Not d\u00fc\u015fmek durumunda kald\u0131\u011f\u0131mdan dolay\u0131 a\u015fa\u011f\u0131da ki yaz\u0131y\u0131 kaleme ald\u0131m&#8230;&nbsp;&nbsp;&nbsp;&nbsp; Zira&nbsp; \u00e7anakkale i\u00e7in yorum yapanlar\u0131n bir \u00e7o\u011fu&nbsp; T\u00fcrk ordusu ve Mustafa Kemal ismini&nbsp; hep \u00f6n plana \u00e7\u0131karmaktad\u0131rlar. Bu \u00c7anakkale \u015fehitlerine ve gazilerine yap\u0131labilecek en b\u00fcy\u00fck haks\u0131zl\u0131klardan bir tanesidir.<\/p>\n<p align=\"center\"><strong>\u00c7ANAKKALE\u2019YE DA\u0130R<\/strong><\/p>\n<p align=\"left\">&nbsp;\u0130lk c\u00fcmle olarak \u00c7ANAKKALE de T\u00fcrk ordusu isminde bir ordu yoktur. &nbsp;Orada \u0130slam ordusu vard\u0131r. Asker \u0130slam askeridir. \u0130slam\u0131n yurduna gayri m\u00fcslim irade girmesin diye yap\u0131lan&nbsp; savunmad\u0131r.<\/p>\n<p align=\"left\">\u00c7anakkalenin ge\u00e7ilemiyece\u011fini anlayan gayri m\u00fcslimler durum de\u011ferlendirmesinden sonra \u00c7anakkaleyi ge\u00e7ememi\u015fler ama kendi sistemlerini Anadolunun ortas\u0131nda hakim k\u0131lacak bir \u015feyler kazanm\u0131\u015flard\u0131r.<\/p>\n<p align=\"left\">M\u00fcsl\u00fcmanlar\u0131n halifesi k\u0131z\u0131l sultan &nbsp;olmu\u015f,&nbsp; \u00f6z vatan\u0131ndan s\u00fcrg\u00fcn ettirilmi\u015f, Hilafeti kald\u0131r\u0131lm\u0131\u015f, k\u0131l\u0131k k\u0131yafet hakk\u0131nda kanun y\u00fcr\u00fcrl\u00fc\u011fe girmi\u015f, m\u00fcsl\u00fcman\u0131n bedeni \u00f6rt\u00fcs\u00fc soyulmu\u015f, Kur&#8217;an okunmas\u0131n anla\u015f\u0131lmas\u0131n diye yaz\u0131 sistemi&nbsp; de\u011fi\u015ftirilmi\u015ftir.&nbsp;&nbsp;<sup>1<\/sup><\/p>\n<p align=\"left\">\u0130\u015fte \u00c7anakkale 1915 de ge\u00e7ilemezken&nbsp; 1918 de ayn\u0131 i\u015fgal kuvvetleri&nbsp; anadoluya nas\u0131l girmi\u015flerdir.<\/p>\n<p align=\"left\">\u00c7anakkale 1918 den sonraya ta\u015f\u0131nmamal\u0131d\u0131r. 1918 ve sonras\u0131 hen\u00fcz a\u00e7\u0131klanamam\u0131\u015f, ara\u015ft\u0131r\u0131lamam\u0131\u015f s\u0131rlarla doludur. Bu g\u00fcnlerde bunlar\u0131 biraz olsun g\u00f6rebiliyoruz ki bu g\u00f6r\u00fcnen sadece &#8222;koca ormandan bir kiprit \u00e7\u00f6p\u00fcd\u00fcr.&#8220; orman\u0131n g\u00f6r\u00fcnmesini engellemek i\u00e7in her yola ba\u015fvurulmaktad\u0131rlar. Art\u0131k uyan\u0131k olmak yetmez. kendi kimli\u011fimize yeniden d\u00f6nmenin yollar\u0131n\u0131 ara\u015ft\u0131rmal\u0131y\u0131z. biz m\u00fcsl\u00fcman\u0131z bizim i\u00e7in \u0131rkc\u0131l\u0131k \u00fcst\u00fcnl\u00fck manas\u0131 ta\u015f\u0131maz. Bizim temel zihniyetimizin kurallar\u0131n\u0131 ALLAH c.c. ve Rasulu tayin eder. Malesef &nbsp;hen\u00fcz \u015fu meseleyi net anlam\u0131\u015f de\u011filiz.&nbsp; Ger\u00e7ekten yeni bir devlet, yeni bir h\u00fcrriyet, yeni bir ilerleme hamlesi ba\u015flatabilmek i\u00e7in mi Cumhuriyet,&nbsp; Demokrasi Laiklik dedikleri \u015feylere ge\u00e7tiler.<\/p>\n<p align=\"left\">Yoksa \u0130slam Hamuru ile yo\u011furulmu\u015f, ALLAH c.c. ve Rasulune s.a.v. y\u00fcrekten ba\u011fl\u0131 olan \u0130slam\u0131n k\u0131l\u0131c\u0131n\u0131 tesirsiz hale getirmek i\u00e7inmi&nbsp; yeni Cumhuriyeti &nbsp;kurdular.&nbsp;Bu g\u00fcnki durumumuzu bir de\u011ferlendirelim \u00c7anakkale\u2019nin ruhu i\u00e7in.<\/p>\n<p align=\"left\">Bug\u00fcn m\u00fcsl\u00fcman\u0131m\u0131z dahi bat\u0131 medeniyetini savunur hale gelmi\u015fse, bizim insan haklar\u0131 anlay\u0131\u015f\u0131m\u0131z\u0131 unutup bat\u0131dan kopyalamaya ba\u015flam\u0131\u015fsa, her d\u00fczenlemede bat\u0131n\u0131n uygulamalar\u0131 incelendi\u011finde takdir g\u00f6r\u00fcyorsa, k\u0131z erkek gen\u00e7li\u011fimize medeniyet diye,&nbsp;\u00f6zg\u00fcrl\u00fck diye, soyunmay\u0131, sokaklarda \u00f6p\u00fc\u015fmeyi, arzu edildi\u011fi takdirde bedeni hazlar\u0131 tatmin etmeyi normal kabul ediliyorsa, caddelerde, TV lerde,&nbsp;&nbsp;koca koca panolarda, i\u00e7 \u00e7ama\u015f\u0131rlar\u0131 sergilenebiliyorsa, pazarda \u00e7ar\u015f\u0131da i\u00e7 \u00e7ama\u015f\u0131rlar boy boy a\u00e7\u0131ktan&nbsp;&nbsp;erkekler taraf\u0131ndan dahi bayanlara&nbsp;dahi&nbsp;sat\u0131labiliyorsa, \u0130slam ahlak\u0131 edebi adabi nerde kalm\u0131\u015f, avrupaday\u0131z ve g\u00f6r\u00fcyoruz. H\u0131ristiyanl\u0131k ahlak\u0131n\u0131n boyutunu, mukayese yapal\u0131m&nbsp; hangi dini ahlak\u0131n neresinde oldu\u011fumuzu g\u00f6relim.<\/p>\n<p align=\"left\">\u015eu cumhuriyet denilen, laiklik ile donanan,&nbsp; demokrasi ile boyanan rejim.&nbsp; Bizi, biz fark\u0131na varamadan, dedelerimizin s\u00f6zlerine kulaklar\u0131m\u0131z\u0131 t\u0131kayarak, &nbsp;Hiristiyanl\u0131k anlay\u0131\u015f\u0131 gibi, bir \u0130slam anlay\u0131\u015f\u0131yla ba\u011fda\u015ft\u0131rd\u0131. \u0130cki sat\u0131lan d\u00fckkanlar\u0131n, bakkallar\u0131n, b\u00fcfelerin sahiplerine k\u0131z\u0131yorduk. \u015eimdi k\u0131zm\u0131yoruz. \u0130\u00e7ki i\u00e7ene hor bak\u0131yorduk, \u015fimdi bakm\u0131yoruz. &nbsp;Namaz k\u0131lmayana k\u0131z\u0131yorduk \u015fimdi k\u0131zm\u0131yoruz, ba\u015flar\u0131 a\u00e7\u0131k, mini etekli&nbsp; dola\u015fan han\u0131m k\u0131zlar\u0131m\u0131za k\u0131z\u0131yorduk, \u015fimdi k\u0131zam\u0131yoruz. \u00c7\u00fcnk\u00fc art\u0131k hepsi evlerimizde, ailemizde, yak\u0131n\u0131m\u0131zda.<\/p>\n<p align=\"left\">D\u00fcn dedelerimizin, Ninelerimizin, Annelerimizin, \u00e7ok az rastlad\u0131\u011f\u0131m\u0131z&nbsp; pantolonla dola\u015fanlar hakk\u0131nda ki ifadelerini d\u00fc\u015f\u00fcn\u00fcyoruzda, bug\u00fcn ayni ninelerimizin annelerimizin yengelerimizin hatta&nbsp; nerde ise b\u00fct\u00fcn han\u0131m karde\u015flerimizin&nbsp; pantolonla dola\u015ft\u0131klar\u0131n\u0131 gayet normal kabul ediyoruz.<\/p>\n<p align=\"left\">Faiz haramd\u0131r iman etmi\u015fiz soka\u011f\u0131m\u0131zdaki bankalar\u0131n kimlerin paralar\u0131yla ayakta durdu\u011funu hi\u00e7 d\u00fc\u015f\u00fcnemiyoruz.<\/p>\n<p align=\"left\"><strong>&nbsp;<\/strong>&#8211; Ey iman edenler! Allah&#8217;tan korkun ve art\u0131k faizin pe\u015fini b\u0131rak\u0131n, e\u011fer ger\u00e7ekten m\u00fcminler iseniz.&nbsp; E\u011fer b\u00f6yle yapmazsan\u0131z,&nbsp; &nbsp;o zaman&nbsp;<strong>Allah ve Resul\u00fc taraf\u0131ndan size sava\u015f a\u00e7\u0131lm\u0131\u015f oldu\u011funu bilin.<\/strong>&nbsp;E\u011fer tevbe ederseniz, sermayeleriniz sizindir. Haks\u0131zl\u0131k etmezsiniz, haks\u0131zl\u0131\u011fa da u\u011framazs\u0131n\u0131z.&nbsp;&nbsp; Bakara s\u00fcresi Azet 278<\/p>\n<p>&#8211; Ey iman edenler! Kat kat art\u0131r\u0131lm\u0131\u015f olarak faiz yemeyin. Allah&#8217;tan sak\u0131n\u0131n ki kurtulu\u015fa eresiniz.<\/p>\n<p align=\"left\">-K\u00e2firler i\u00e7in haz\u0131rlanm\u0131\u015f olan ate\u015ften sak\u0131n\u0131n.<\/p>\n<p align=\"left\">-Allah ve Peygambere itaat edin ki, size de merhamet edilsin.&nbsp; &nbsp;Al-i \u0130mran s\u00fcresi 130,13,132<\/p>\n<p align=\"left\">Faiz i\u00e7inde olanlara ALLAH ve Rasulune harb a\u00e7ti\u011fi ayetini okuyoruz ama duymuyoruz.&nbsp; ALLAH ve Rasul\u00fcn\u00fcn&nbsp; a\u00e7t\u0131\u011f\u0131 sava\u015f\u0131n kar\u015f\u0131 taraf\u0131nda olmak istemiyoruz..<\/p>\n<p align=\"left\">\u00d6yle ise; \u0130slam\u0131 yeniden g\u00fcndemimize almay\u0131, Yeniden&nbsp; d\u00fc\u015f\u00fcnmeyi,&nbsp; yeniden muhasebe etme, Yeniden iman etme hasletlerimizi ferd olarak oldu\u011fu gibi, toplum olarakda &nbsp;hat\u0131rlamak durumunday\u0131z.<\/p>\n<p align=\"left\">1* Bu hususda daha fazla bilgi almak isteyenler (Bir ba\u015fka a\u00e7\u0131dan Kemalizm) adl\u0131 kitaba bakabilirler. Apdurahman dilipak beyan yay\u0131nlar\u0131<\/p>\n<p align=\"left\">Mustafa \u00f6zt\u00fcrk 01.04.2015<\/p>\n<p style=\"text-align: center;\"><strong>100 y\u0131l sonra \u00c7anakkale\u2019ye bak\u0131\u015f<\/strong><\/p>\n<p>\u00c7anakkale bir ruhtur, bir manad\u0131r, bir idealdir.<\/p>\n<p>Can\u0131 Allah i\u00e7in feda edebilme ruhudur.<\/p>\n<p>Vatandan yola \u00e7\u0131k\u0131p Muhammedi ahlaka gelmek demektir \u00c7anakkale.<\/p>\n<p>Vatan\u0131n \u0130slam karakterinin korunmas\u0131 demektir.<\/p>\n<p>M\u00fcstevliler gelip vatan\u0131n M\u00fcsl\u00fcman karakterini bozmas\u0131n demektir.<\/p>\n<p>\u00c7anakkale h\u00fcrriyettir.<\/p>\n<p>Allah\u2019tan ba\u015fka hi\u00e7bir varl\u0131\u011fa boyun e\u011fmeme iradesidir.<\/p>\n<p>\u00c7anakkale topyek\u00fcn bir direni\u015ftir. Milletin korunmas\u0131 i\u00e7in can\u0131n\u0131 feda edebilece\u011fi de\u011ferler u\u011fruna b\u0131y\u0131\u011f\u0131 terlememi\u015f \u00e7ocuklar\u0131n\u0131 sa\u00e7lar\u0131n\u0131 k\u0131nalayarak cepheye g\u00f6ndermesidir.<\/p>\n<p>\u00c7anakkale diriliktir. \u015eehid \u015fehid dirili\u011fin destan\u0131d\u0131r. Her \u015fehidle bin kere dirilmenin destan\u0131d\u0131r.<\/p>\n<p>Analar\u0131n duas\u0131d\u0131r \u00c7anakkale. Rabbin emanetine verilmi\u015f, \u201cYa \u015fehid ol ya gazi\u201d diye u\u011furlanm\u0131\u015f, evlatlar\u0131n boyunlar\u0131na tak\u0131lm\u0131\u015f hamayl\u0131d\u0131r.<\/p>\n<p>E\u015flerin hasretidir, yavuklular\u0131n elini y\u00fcre\u011fine basmas\u0131d\u0131r, evlatlar\u0131n yetimli\u011fidir.<\/p>\n<p>Ve b\u00fct\u00fcn bunlara vatan i\u00e7in, bayrak i\u00e7in, Kur\u2019an i\u00e7in, \u0130slam i\u00e7in ila-y\u0131 kelimetullah i\u00e7in katlan\u0131lmas\u0131d\u0131r. Bir Hilal u\u011frunad\u0131r.<\/p>\n<p>\u00c7anakkale \u00fcmmettir. Bir yandan \u00e7al\u0131nan \u00fcmmettir, bir yandan \u00e7al\u0131namayan\u0131 ile \u0130slam vatan\u0131 i\u00e7in can\u0131n\u0131 ortaya koyan \u00fcmmettir.<\/p>\n<p>\u00c7anakkale Yemen\u2019dir, Trablusgarp\u2019t\u0131r, Kahire\u2019dir, Ba\u011fdat\u2019t\u0131r, \u0130stanbul\u2019dur, Bosna\u2019d\u0131r, K\u0131rcaali\u2019dir, Kayseri\u2019dir, Diyarbak\u0131r\u2019d\u0131r.<\/p>\n<p>\u00c7anakkale T\u00fcrkt\u00fcr, K\u00fcrtt\u00fcr, Bo\u015fnakt\u0131r, \u00c7erkezdir, Arapt\u0131r, Arnavuttur&#8230;<\/p>\n<p>\u00c7anakkale bir ruhtur.<\/p>\n<p>10 bin, 20 bin, 50 bin, 100 bin de\u011fil, dile kolay, 250 bin can\u0131 feda ederek kurulan bir ruh &#8211; kalb &#8211; g\u00f6n\u00fcl &#8211; iman &#8211; cehd &#8211; cihad seddidir \u00c7anakkale.<\/p>\n<p>\u00c7anakkale bir bilin\u00e7tir.&nbsp;\u201cKimi Hindu, kimi yamyam kimi bilmem ne bela&#8230;\u201d&nbsp;olan\u0131 bilmektir.<\/p>\n<p>Vatan\u2019\u0131n, Bayra\u011f\u0131n \u00fczerine geleni bilmektir.<\/p>\n<p>Yamyam s\u00fcr\u00fcs\u00fcn\u00fcn bu topraklara ni\u00e7in geldi\u011fini bilmektir.<\/p>\n<p>\u201cMedeniyyet denilen maskara mahluku g\u00f6rmektir\u201d&nbsp;\u00c7anakkale.<\/p>\n<p>\u00c7anakkale\u2019de bir \u0130slam vatan\u0131n\u0131n \u00fczerine g\u00f6nderilen askerlerin yine M\u00fcsl\u00fcmanlar aras\u0131ndan dev\u015firildi\u011fini bilmektir \u00c7anakkale bilinci.<\/p>\n<p>\u00c7anakkale her bir \u015fehidin ruh d\u00fcnyas\u0131n\u0131 tan\u0131makt\u0131r. Onlardan i\u00e7imize f\u0131s\u0131lt\u0131lar ta\u015f\u0131mak i\u00e7in adeta bir rab\u0131ta-\u0131 \u015fehadet yapar gibi siperlere girmektir.<\/p>\n<p>\u00c7anakkale, \u00c7anakkale topra\u011f\u0131n\u0131&nbsp;\u201cvatan alfabesi\u201dnden yeniden okumakt\u0131r.<\/p>\n<p>\u00c7anakkale vatan alfabesini aradan 100 y\u0131l ge\u00e7tikten ve alfabelerin \u00fczerini m\u00fcstevli hesaplar\u0131 bir buldozer gibi \u00e7i\u011fnedikten sonra hala okuyabilip okuyamad\u0131\u011f\u0131m\u0131za yeniden bakmakt\u0131r.<\/p>\n<p>\u00c7anakkale, kulaklar\u0131m\u0131z\u0131n hala Binba\u015f\u0131 Lutfi Bey\u2019in \u201cYeti\u015f ey Muhammed kitab\u0131n gidiyor!\u201d feryad\u0131n\u0131 duyup duyamad\u0131\u011f\u0131na bakmakt\u0131r.<\/p>\n<p>100 y\u0131l sonra \u00c7anakkale bir i\u00e7 hesapla\u015fmad\u0131r.<\/p>\n<p>\u201cBiz kimiz?\u201d&nbsp;sorusunu sormakt\u0131r.<\/p>\n<p>\u00dcmmetin darmada\u011f\u0131n\u0131kl\u0131\u011f\u0131n\u0131 g\u00f6rmektir \u00c7anakkale.<\/p>\n<p>\u00c7anakkale, 100 y\u0131l sonra bile \u00fcmmetin Gazze\u2019de, \u015eam\u2019da, Ba\u011fdat\u2019ta, Kahire\u2019de, Bosna\u2019da, Do\u011fu T\u00fcrkistan\u2019da bo\u011fazland\u0131\u011f\u0131n\u0131 y\u00fcreklerde hissetmektir.<\/p>\n<p>\u00c7anakkale\u2019den sonra \u0130slam vatanlar\u0131nda daha ka\u00e7 siper kazd\u0131\u011f\u0131m\u0131z\u0131n, daha ka\u00e7 \u015fehit verdi\u011fimizin ve \u00c7anakkale savunmas\u0131n\u0131n bitip bitmedi\u011finin, fark\u0131nda olmakt\u0131r.<\/p>\n<p>Bir ruh nakli ya\u015famal\u0131y\u0131z.<\/p>\n<p>\u0130\u00e7imizde \u00c7anakkale ruhunu arama zaman\u0131d\u0131r \u00c7anakkale zamanlar\u0131.<\/p>\n<p>\u0130nsan bir ruhla diri olur.<\/p>\n<p>\u0130\u00e7imizde hangi ruh dola\u015f\u0131yorsa onun dirili\u011fini ya\u015far\u0131z.<\/p>\n<p>\u0130\u00e7imizde elinde Kur\u2019an, dilinde kelime-i \u015fehadet, cennete ko\u015far gibi \u015fehadete ko\u015fan Mehmet mi var, ona seher vakitlerinde duaya duran Ay\u015fe ana, Hat\u00e7e&nbsp;gelin ya da parma\u011f\u0131nda Mehmedinin ni\u015fan y\u00fcz\u00fc\u011f\u00fcn\u00fc ta\u015f\u0131yan Zeyneb mi var?<\/p>\n<p>Yoksa Coniler, Hanslar m\u0131?<\/p>\n<p>\u0130\u00e7imizde d\u0131\u015f\u0131m\u0131zda kim ve ne var ger\u00e7ekten?<\/p>\n<p>Yi\u011fitler kalk\u0131p gelse100 y\u0131l evvelinden, vatan\u0131 canlar\u0131 pahas\u0131na emanet ettikleri \u00e7ocuklar\u0131n\u0131, k\u0131zlar\u0131n\u0131 o\u011fullar\u0131n\u0131, torunlar\u0131n\u0131 tan\u0131rlar m\u0131?<\/p>\n<p>K\u0131zlar\u0131, o\u011fullar\u0131, torunlar\u0131, \u015fehit d\u00fc\u015fen babalar\u0131n\u0131, dedelerini tan\u0131rlar m\u0131?<\/p>\n<p>\u00c7anakkale bug\u00fcn nerede?<\/p>\n<p>Vatan\u0131 nerede savunuyoruz? Hangi siperde, hangi mevzide, hangi d\u00fc\u015fman silah\u0131na kar\u015f\u0131?<\/p>\n<p>Gelibolu\u2019da g\u00f6kten yerden ya\u011fan g\u00fcllelere kar\u015f\u0131 m\u0131, yoksa sokaklar\u0131m\u0131z\u0131 daha k\u00f6t\u00fcs\u00fc y\u00fcreklerimizi vuran m\u00fcstevli f\u0131rt\u0131nas\u0131na kar\u015f\u0131 m\u0131?<\/p>\n<p>\u00c7anakkale, b\u00fct\u00fcn geri \u00e7ekili\u015flere kar\u015f\u0131 hala&nbsp;\u201cBiz var\u0131z ve var olaca\u011f\u0131z!\u201d&nbsp;iradesi ise o irade hala i\u00e7imizde dipdiri duruyor mu? \u00c7anakkale\u2019yi o g\u00fcn aya\u011f\u0131nda \u00e7ar\u0131\u011f\u0131 bile olmayan, bir kuru peksimetle g\u00fcn ge\u00e7iren vatan\u0131n \u00e7ocuklar\u0131 ile savunduk, vatan savunmas\u0131&nbsp;\u201caz sonra \u00f6lece\u011fini bilen insan\u201d&nbsp;olarak sipere girenler taraf\u0131ndan yap\u0131labiliyor, bizim y\u00fcre\u011fimiz ne diyor o yi\u011fitlerin hikayelerini okudu\u011fumuzda?<\/p>\n<p>Ve son soru: \u00c7anakkale\u2019den \u00e7a\u011f\u0131m\u0131za ruh nakline haz\u0131r m\u0131y\u0131z?<\/p>\n<p>15.03.2015 Tarihli Ahmet Ta\u015fgetiren abimizin makalesi&#8230;<\/p>\n<p>De\u011ferli okuyucular.<\/p>\n<p>\u00c7anakkale zaferini anlatanlar\u0131n yapt\u0131klar\u0131 en b\u00fcy\u00fck hatalar\u0131n ba\u015f\u0131nda \u0131rk\u00e7\u0131l\u0131k hastal\u0131\u011f\u0131 gelmektedir.<\/p>\n<p>\u00c7anakkaleyi anlat\u0131rken ne hikmetse \u00f6n plana hep T\u00fcrk askeri ifadesi \u00e7\u0131kmaktad\u0131r.<\/p>\n<p>Halbuki \u00c7anakkale sava\u015f\u0131 Osmal\u0131 devletinin vermi\u015f oldu\u011fu bir sava\u015ft\u0131r. T\u00fcrk kelimesi kimsenin kullanmad\u0131\u011f\u0131 bilmedi\u011fi bir kelimedir.<\/p>\n<p>\u00c7anakkale ile alakal\u0131 yap\u0131lan konu\u015fmalarda kullan\u0131lan bu kelime, \u00e7anakkalede verilen m\u00fccadeleye hakarettir.<\/p>\n<p>\u00c7anakkalenin ruhuna hakarettir. \u00c7anakkalede m\u00fccadele veren askere hakarettir.<\/p>\n<p>\u00c7anakkale islama vurulmak istenen darbeye kar\u015f\u0131 m\u00fcsl\u00fcmanlar\u0131n verdi\u011fi m\u00fccadelenin ad\u0131d\u0131r.<\/p>\n<p>Gen\u00e7li\u011fimize \u00e7anakkaleyi anlat\u0131rken bir \u0131rk\u0131n m\u00fccadelesiymi\u015f kom\u015fular\u0131da yard\u0131ma gelmi\u015f gibi anlat\u0131lmamal\u0131d\u0131r.<\/p>\n<p>\u00c7anakkale islam karde\u015fli\u011finin en g\u00fczel \u00f6rne\u011fidir.<\/p>\n<p>\u00c7anakkalede t\u00fcrk arab, arnavut, bo\u015fnak, yemenli, pakistanl\u0131, afrikal\u0131 yoktur.<\/p>\n<p>\u00c7anakkalede sadece \u0130slam\u0131n askeri m\u00fcsl\u00fcmanlar vard\u0131r. Di\u011fer tarafda Ehli k\u00fcfr\u00fcn askerleri vard\u0131r.<\/p>\n<p>\u00c7anakkalede \u0130slam askerinin kar\u015f\u0131s\u0131nda ha\u00e7l\u0131 ordusu vard\u0131r.<\/p>\n<p>\u00c7anakkale b\u00f6yle anlat\u0131lmal\u0131d\u0131r&#8230;<\/p>\n<p>\u00c7anakkale ile alakal\u0131 konu\u015fmalarda, yaz\u0131\u015fmalarda, makalelerde bulunun t\u00fcrk kelimesi yerine islam ve m\u00fcsl\u00fcman kelimelerini koyarak anlamaya \u00e7al\u0131\u015fal\u0131m. Ben b\u00f6yle anl\u0131yorum \u00e7anakkaleyi dedemden b\u00f6yle dinledim.<\/p>\n<p>Sel\u00e2m ve Dua ile<\/p>\n<p>\u0130svi\u00e7re \u0130sl\u00e2m Cemiyetler<br \/>\nFederasyonu Ba\u015fkan\u0131<br \/>\nMustafa \u00d6zt\u00fcrk<br \/>\n07.04.2016<\/p>\n","protected":false},"excerpt":{"rendered":"<p>Rahman ve Rahim Olan ALLAH&#8217;\u0131n Ad\u0131yla &nbsp;Rasulune selat\u00fc selam ile \u00c7ANAKKALE GE\u00c7\u0130LMEZ (GE\u00c7\u0130LM\u0130\u015e G\u00d6Z\u00dcKSE DE) Cenab-\u0131 Allah&#8217;\u0131n, varl\u0131klarla hadiseleri yaratmas\u0131, Allah&#8217;\u0131n Kudret ve \u0130rade s\u0131fatlar\u0131na dayanan icraat\u0131n, O&#8217;nun peygamberli\u011fi tasdik ve evliyay\u0131 onurland\u0131rma, yaratt\u0131\u011f\u0131 mucizeler, kerametler, harikul\u00e2dilikleri ile m\u00fc\u015fahede ediyoruz. Cenab-\u0131 Allah&#8217;\u0131n bir de Din \u015feklinde tecelli eden kanunlar b\u00fct\u00fcn\u00fc vard\u0131r. Y\u00fcce Allah&#8217;\u0131n bu kanunlar [&hellip;]<\/p>\n","protected":false},"author":1,"featured_media":0,"parent":0,"menu_order":0,"comment_status":"closed","ping_status":"closed","template":"","meta":{"footnotes":""},"class_list":["post-90","page","type-page","status-publish","hentry"],"_links":{"self":[{"href":"https:\/\/islam-cf.ch\/index.php?rest_route=\/wp\/v2\/pages\/90","targetHints":{"allow":["GET"]}}],"collection":[{"href":"https:\/\/islam-cf.ch\/index.php?rest_route=\/wp\/v2\/pages"}],"about":[{"href":"https:\/\/islam-cf.ch\/index.php?rest_route=\/wp\/v2\/types\/page"}],"author":[{"embeddable":true,"href":"https:\/\/islam-cf.ch\/index.php?rest_route=\/wp\/v2\/users\/1"}],"replies":[{"embeddable":true,"href":"https:\/\/islam-cf.ch\/index.php?rest_route=%2Fwp%2Fv2%2Fcomments&post=90"}],"version-history":[{"count":5,"href":"https:\/\/islam-cf.ch\/index.php?rest_route=\/wp\/v2\/pages\/90\/revisions"}],"predecessor-version":[{"id":312,"href":"https:\/\/islam-cf.ch\/index.php?rest_route=\/wp\/v2\/pages\/90\/revisions\/312"}],"wp:attachment":[{"href":"https:\/\/islam-cf.ch\/index.php?rest_route=%2Fwp%2Fv2%2Fmedia&parent=90"}],"curies":[{"name":"wp","href":"https:\/\/api.w.org\/{rel}","templated":true}]}}