{"id":68,"date":"2017-12-13T19:24:40","date_gmt":"2017-12-13T19:24:40","guid":{"rendered":"http:\/\/islam-cf.ch\/?page_id=68"},"modified":"2020-10-15T20:31:41","modified_gmt":"2020-10-15T19:31:41","slug":"isvicrede-islami-faaliyet","status":"publish","type":"page","link":"https:\/\/islam-cf.ch\/?page_id=68","title":{"rendered":"\u0130svi\u00e7re&#8217;de \u0130slami faaliyet"},"content":{"rendered":"<h4 align=\"center\"><strong>\u0130SV\u0130\u00c7RE\u2019DE&nbsp; \u0130SLAM\u0130&nbsp; FAAL\u0130YET<br \/>\n<\/strong><\/h4>\n<p>Takriben 1974 senesinde bazi salonlarda ba\u015flayan ir\u015fad faaliyetleri yava\u015f yava\u015f kiralanan Mescidler ile k\u0131smen programl\u0131 bir hale gelmeye ba\u015flam\u0131\u015ft\u0131r.<\/p>\n<p>\u00d6nceleri baz\u0131 zevat taraf\u0131ndan ferdi gayretler ile y\u00fcr\u00fct\u00fclen bu \u00e7al\u0131\u015fmalar, daha sonra cemiyetler dernekler kurularak di\u011fer m\u00fcsl\u00fcmanlar\u0131n i\u015ftiraklar\u0131 ile biraz daha ciddi hale gelmesi sa\u011flanm\u0131\u015ft\u0131r.<\/p>\n<p>\u0130svi\u00e7re\u2019de ya\u015famakta olan m\u00fcsl\u00fcmanlar\u0131n say\u0131s\u0131, resmi olmamakla beraber,&nbsp; y\u00fczbin civar\u0131nda tahmin edilmektedir. Bu say\u0131n\u0131n ekseriyetini m\u00fcsl\u00fcman t\u00fcrkler te\u015fkil etmekte ve i\u015fci olarak burada \u00e7al\u0131\u015fmaktad\u0131rlar. K\u0131smen&nbsp; i\u015fci, k\u0131smen tahsil maksad\u0131yla m\u00fcsl\u00fcman araplar ve yine i\u015fci olarak yugoslav m\u00fcsl\u00fcmanlar burada ya\u015famakta&#8230;<\/p>\n<p>\u00c7e\u015fitli maksatlarlada pakistan, Afganistan ve di\u011fer \u00fclkelerden de burada ya\u015fayanlar mevcuttur. Yerli m\u00fcsl\u00fcmanlar\u0131n kesin say\u0131s\u0131 belli olmamakla beraber mevcudiyeti ele al\u0131n\u0131nca \u0130svi\u00e7re\u2019de ki durum anla\u015f\u0131lm\u0131\u015f ve problemlerin b\u00fcy\u00fckl\u00fc\u011f\u00fc ve ehemmiyeti takdir edilmi\u015f olur.<\/p>\n<p>H\u00fclaseten ifade edilmek istenirse; Bir m\u00fcsl\u00fcman do\u011fumundan \u00f6l\u00fcm\u00fcne kadar kendisini alakadar eden b\u00fct\u00fcn m\u00fc\u015fk\u00fcllerle kar\u015f\u0131 kar\u015f\u0131yad\u0131r ve en m\u00fchimi b\u00fct\u00fcn bu m\u00fc\u015fk\u00fcllerini kendisi halletmekle m\u00fckellef olmaktad\u0131r.<\/p>\n<p>Bu m\u00fckellefiyeti m\u00fcdrik bir k\u0131s\u0131m m\u00fcsl\u00fcman karde\u015fimiz dernekler, cemiyetler, m\u00fc\u015fterek hareket i\u00e7in federasyon ve m\u00fcesseseler kurdular, aidatlar ve yard\u0131mlarla mescidler a\u00e7t\u0131lar. K\u0131smi k\u00fcllisi bu mescidlerin kiralanarak tutulmu\u015ftur. Cenevre\u2019de Suudi arabistan bir mescid in\u015fa ettirmi\u015f, iki b\u00f6lgede de m\u00fcsl\u00fcmanlar sadece mescid vazifesi g\u00f6rebilen bina sat\u0131n alabilmi\u015flerdir.<\/p>\n<p>Kiralanan mescidlerde haftan\u0131n bir veya iki g\u00fcn\u00fcnde m\u00fcsl\u00fcman \u00e7ocuklar\u0131na dinini \u00f6\u011frenme veya muhafaza edebilmesi i\u00e7in dersler verilmektedir.<\/p>\n<p>(Asla kifayet etmemektedir. \u00c7\u00fcnk\u00fc, b\u00fct\u00fcn hafta \u00e7ocuklar ba\u015fka dinlere mensup \u00e7ocuklarla bir arada bulunmak mecburiyetindedirler.<\/p>\n<p>Yeti\u015fkinlere de yine mescidlerde, yeterli olmamakla beraber dinini \u00f6\u011frenme ve muhafaza etmek hususunda ir\u015fad edilmek \u00fczere dersler verilmektedir.<\/p>\n<p>A\u00e7\u0131lan mescidlerde imaml\u0131k vazifesini &nbsp;b\u00f6lgede o bulunanlar zaman ay\u0131rmak s\u00fcretiyle yapmakta, \u00e7ok az mescidde&nbsp; fiilen imam bulunmaktad\u0131r. Gen\u00e7lerin muhafazas\u0131 i\u00e7in ayda bir seminerlerle k\u00fclt\u00fcrlerinin geli\u015fmesine yard\u0131mc\u0131 oluyoruz.<\/p>\n<p>\u00d6l\u00fclerimizin&nbsp; memleketlerine nakli i\u00e7in cenaze sand\u0131\u011f\u0131 ismi alt\u0131nda yard\u0131mla\u015fma yap\u0131yor cenazelerimizi naklediyoruz. M\u00fcsl\u00fcman mezarl\u0131\u011f\u0131m\u0131z olmad\u0131\u011f\u0131ndan&#8230;<\/p>\n<p>\u015eimdilik cemaate hitab eden, fotokopi usul\u00fcyle, iki ayda bir basit mecmua ne\u015frediyoruz.&nbsp; Muhim \u0130slami g\u00fcnlerde ihtifaller tertip ediyoruz. Bu hizmetleri ve benzerlerini yaparken maddi bak\u0131mdan sadece azalar\u0131m\u0131z\u0131n verdi\u011fi aidatlarla&nbsp; iktifa etmi\u015f, hari\u00e7ten&nbsp; asla yard\u0131m talebinde bulunmam\u0131\u015f\u0131z, bulunmuyoruz.<\/p>\n<p>B\u00fct\u00fcn bu yap\u0131lan hizmetler, yap\u0131lmas\u0131 icabedenler yan\u0131nda bir hi\u00e7 mesabesindedir. \u00c7\u00fcnk\u00fc mescidlerin binalar\u0131 bize ait de\u011fil kiral\u0131kt\u0131r, her an \u00e7\u0131k\u0131\u015f verip bizi atabilirler.<\/p>\n<p>\u00c7ocuklar\u0131m\u0131z\u0131n okuyaca\u011f\u0131 mekteplerimiz yoktur. \u00c7al\u0131\u015fan ailelerin \u00e7ocuklar\u0131 i\u00e7in bak\u0131m evleri yoktur. Bu \u00e7ocuklar ve b\u00fct\u00fcn m\u00fcsl\u00fcmanlar gida bak\u0131m\u0131ndan hel\u00e2l yeyip yemediklerinden emin bulunmamaktad\u0131rlar.<\/p>\n<p>Pek \u00e7ok b\u00f6lgede hen\u00fcz mescid a\u00e7\u0131lmam\u0131\u015ft\u0131r. Mescidlerin ekserisinde ehil imam bulunmamaktad\u0131r. Hizmetlerin istikrar\u0131 i\u00e7in ciddi ve kal\u0131c\u0131 m\u00fcesseseler kurulmam\u0131\u015ft\u0131r.<\/p>\n<p>Burada ya\u015fayan m\u00fcsl\u00fcmanlar\u0131n meselelerine \u0131\u015f\u0131k tutacak ne\u015friyat\u0131m\u0131z yoktur. M\u00fcsl\u00fcmanlar\u0131n \u00f6l\u00fclerini defnedebilece\u011fimiz mezarl\u0131klar\u0131m\u0131z bulunmamaktad\u0131r. M\u00fcsl\u00fcmanl\u0131\u011fa alaka d\u00fcyanlara ve bizzat m\u00fcsl\u00fcmanlar\u0131n di\u011fer meselelerine yard\u0131mc\u0131 olabilecek dan\u0131\u015fma merkezlerini&nbsp; ve personelini hen\u00fcz temin edebilmi\u015f de\u011filiz.<\/p>\n<p>Bu sayd\u0131\u011f\u0131m\u0131z &nbsp;ve daha sayamad\u0131\u011f\u0131m\u0131z&nbsp; meseleleri \u00e7\u00f6zmek&nbsp; ve halletmek i\u00e7in d\u00fc\u015f\u00fcnd\u00fck ve bir \u0130SLAM VAKFI kurduk. Vak\u0131f, \u0130svi\u00e7re resmi makamlar\u0131 taraf\u0131ndan tasdik edilmi\u015ftir.&nbsp; Vakf\u0131n&nbsp; kurulu\u015f gayesini a\u015fa\u011f\u0131da takdim ediyoruz.<\/p>\n<p>B\u00fct\u00fcn m\u00fcsl\u00fcman dernek, cemiyet, federasyon, m\u00fcessese ve ferdleri bu \u201c\u0130SLAM VAKFI\u201d na yard\u0131mc\u0131 olmaya davet ediyoruz.<\/p>\n<p>\u201c \u0130yilikte ve takvada yard\u0131mla\u015f\u0131n\u201d emri ilahisi d\u00fcst\u00fcr\u00fcm\u00fcz olsun&#8230;<\/p>\n<hr>\n<h2 style=\"text-align: center;\">\u0130SLAM&nbsp;&nbsp; VAKFI&nbsp;&nbsp; KURULU\u015e&nbsp;&nbsp; GAYES\u0130<\/h2>\n<p>Bu Vak\u0131f \u0130svi\u00e7re\u2019de ya\u015fayan yabanc\u0131 m\u00fcsl\u00fcmanlar\u0131n manevi inan\u00e7lar\u0131n\u0131 ve i\u00e7timai muavenetlerini takviye maksad\u0131yla kurulmu\u015ftur.<\/p>\n<p>1)&nbsp;&nbsp;&nbsp;&nbsp; Mescidler a\u00e7mak, mescid i\u00e7in imam, mescid i\u00e7in talim ve terbiye i\u00e7in muallim temin etmek.<\/p>\n<p>2)&nbsp;&nbsp;&nbsp;&nbsp; Mescid harici Kinderkrippe, Kindergarten a\u00e7mak ve ya\u015fatmak. Dini tedrisata devam etmek isteyen \u00e7ocuklar i\u00e7in yat\u0131l\u0131 mektep a\u00e7ma imkanlar\u0131n\u0131 sa\u011flamak. Bu meselelerin halli i\u00e7in bir e\u011fitim komisyonu kurmak.<\/p>\n<p>3)&nbsp;&nbsp;&nbsp;&nbsp; \u0130svi\u00e7re\u2019deki m\u00fcsl\u00fcmanlar\u0131n dini, ictimai ve k\u00fclt\u00fcrel mesailin halli istikametinde \u00e7al\u0131\u015facak, dan\u0131\u015fma merkezleri a\u00e7mak ve personelini&nbsp; temin etmek.<\/p>\n<p>4)&nbsp;&nbsp;&nbsp;&nbsp; Merkezlerde \u0130slam\u2019i ara\u015ft\u0131rmalar i\u00e7in k\u00fct\u00fcphaneler a\u00e7mak.<\/p>\n<p>5)&nbsp;&nbsp;&nbsp;&nbsp; \u0130svi\u00e7re\u2019deki yabanc\u0131lara hitap edebilecek ne\u015friyat i\u00e7in matbaaya v\u00fcc\u00fcd vermek.<\/p>\n<p>6)&nbsp;&nbsp;&nbsp;&nbsp; Maddi imkans\u0131zl\u0131ktan tahsiline devam edemeyen&nbsp; m\u00fcsl\u00fcman talebelere burs vererek tahsillerinin ikmaline yard\u0131mc\u0131 olmak.<\/p>\n<p>7)&nbsp;&nbsp;&nbsp;&nbsp; Fevka\u2019lade hallerde maddi s\u0131k\u0131nt\u0131ya d\u00fc\u015fm\u00fc\u015f olan m\u00fcsl\u00fcmanlara madden yard\u0131mc\u0131 olmak.<\/p>\n<p>8)&nbsp;&nbsp;&nbsp;&nbsp; M\u00fcsl\u00fcmanlara mahsus mezarl\u0131klar sat\u0131n almak, veya h\u00fck\u00fcmetlerden temine \u00e7al\u0131\u015fmak.<\/p>\n<p>9)&nbsp;&nbsp;&nbsp;&nbsp; \u0130slam vakf\u0131n\u0131n hizmetlerinden istifade etmek isteyen te\u015fekk\u00fcl ve e\u015fhas\u0131n en \u00e7ok muhta\u00e7 olanlar\u0131na evveliyet tan\u0131mak.<\/p>\n<hr>\n<p>&nbsp;<\/p>\n<p>Evet Muhterem&nbsp; M\u00fcsl\u00fcman karde\u015flerim 1973-74 den beri ba\u015flay\u0131p devam eden bu hizmetler, geli\u015ftikce, ciddiyet ve samimiyet kazand\u0131k\u00e7a dikkatleri \u00e7ekmeye ba\u015flam\u0131\u015ft\u0131r.<\/p>\n<p>\u0130badetlerini edememe s\u0131k\u0131nt\u0131s\u0131 i\u00e7inde olanlar ko\u015fmu\u015flar destek vermi\u015fler, ellerinden gelen gayreti g\u00f6stermeye \u00e7al\u0131\u015fm\u0131\u015flard\u0131r.<\/p>\n<p>M\u00fcsl\u00fcmanl\u0131\u011f\u0131na toz kondurmad\u0131\u011f\u0131 halde ibadetten \u00fc\u015fenenler,&nbsp; ucundanda olsa Cuma ve Bayram namazlar\u0131na i\u015ftirak etmeye gayret edenler olmu\u015f.<\/p>\n<p>M\u00fcsl\u00fcmanl\u0131\u011f\u0131 sadece vicdanlardan ibaret sayanlar, kalbleri temiz oldu\u011fundan dem vuranlar, gizli islam d\u00fc\u015fman\u0131 oldu\u011fundan haberi olmayanlar da kar\u015f\u0131 durmaktan engellemeye \u00e7al\u0131\u015fmaktan geri durmam\u0131\u015flard\u0131r.<\/p>\n<p>B\u00fct\u00fcn bu hareketlilik i\u00e7inde 1980 sene ba\u015flar\u0131na kadar devam eden m\u00fcmk\u00fcn mertebe dost olan ile olmayan\u0131n belli oldu\u011fu d\u00f6nem devam etmi\u015ftir.<\/p>\n<p>1980-81 d\u00f6nemlerinde oldukca hareketli heyecanl\u0131 geli\u015fen, birde hizmetlerin daha bir d\u00fczg\u00fcn \u015fekilde verilebilmesinin alt yap\u0131s\u0131n\u0131 olu\u015fturacak vak\u0131f kurma \u00e7al\u0131\u015fmalar\u0131n\u0131n duyulmas\u0131 ile birlikte bu hizmetlerden rahats\u0131z olanlar, pay kapmak isteyenler, geli\u015fmelerin hizmetlerin \u00f6nlerini kesmek isteyenler.<\/p>\n<p>Bunlar\u0131n i\u00e7inde te\u015fkilatlar\u0131n\u0131n isvi\u00e7rede de bir \u015fubesini a\u00e7mak i\u00e7in u\u011fra\u015fanlar, m\u00fcsl\u00fcmanlar\u0131 bir rant kap\u0131s\u0131 g\u00f6renler derken, yava\u015f yava\u015f b\u00f6l\u00fcnmeler,&nbsp; ayr\u0131lmalar, tenkit etmeler, tehdit etmeler, hakaretler derken ihlas ile istismar\u0131n m\u00fccadelesine \u015fahit olduk. Y\u0131llarca haram ve \u015f\u00fcpheli gidalar ile beslenen b\u00fcnyeler i\u00e7indeki tahribatlar ile istismar taraf\u0131 malesef a\u011f\u0131r bas\u0131yordu&#8230;.<\/p>\n<p>G\u00fcn\u00fcm\u00fczde bak\u0131ld\u0131\u011f\u0131 zaman m\u00fcsl\u00fcmanlar ad\u0131na \u015f\u00f6yle veya b\u00f6yle bir \u00e7ok kazan\u0131mlar oldu\u011fu g\u00f6r\u00fclsede maalesef \u0130slam ad\u0131na&nbsp; hen\u00fcz islam\u0131n fazla bir kazan\u0131m i\u00e7inde oldu\u011fumuzu s\u00f6ylemek kolay de\u011fil.<\/p>\n<p>Tahrik edici hatalar\u0131m\u0131z\u0131n ba\u015f\u0131nda da\u011f\u0131n\u0131kl\u0131k, pe\u015finden helal gida s\u0131k\u0131nt\u0131s\u0131 geliyor,<\/p>\n<p align=\"center\">Mustafa \u00d6zt\u00fcrk&nbsp; 15.03.2014<\/p>\n","protected":false},"excerpt":{"rendered":"<p>\u0130SV\u0130\u00c7RE\u2019DE&nbsp; \u0130SLAM\u0130&nbsp; FAAL\u0130YET Takriben 1974 senesinde bazi salonlarda ba\u015flayan ir\u015fad faaliyetleri yava\u015f yava\u015f kiralanan Mescidler ile k\u0131smen programl\u0131 bir hale gelmeye ba\u015flam\u0131\u015ft\u0131r. \u00d6nceleri baz\u0131 zevat taraf\u0131ndan ferdi gayretler ile y\u00fcr\u00fct\u00fclen bu \u00e7al\u0131\u015fmalar, daha sonra cemiyetler dernekler kurularak di\u011fer m\u00fcsl\u00fcmanlar\u0131n i\u015ftiraklar\u0131 ile biraz daha ciddi hale gelmesi sa\u011flanm\u0131\u015ft\u0131r. \u0130svi\u00e7re\u2019de ya\u015famakta olan m\u00fcsl\u00fcmanlar\u0131n say\u0131s\u0131, resmi olmamakla beraber,&nbsp; [&hellip;]<\/p>\n","protected":false},"author":1,"featured_media":0,"parent":0,"menu_order":0,"comment_status":"closed","ping_status":"closed","template":"","meta":{"footnotes":""},"class_list":["post-68","page","type-page","status-publish","hentry"],"_links":{"self":[{"href":"https:\/\/islam-cf.ch\/index.php?rest_route=\/wp\/v2\/pages\/68","targetHints":{"allow":["GET"]}}],"collection":[{"href":"https:\/\/islam-cf.ch\/index.php?rest_route=\/wp\/v2\/pages"}],"about":[{"href":"https:\/\/islam-cf.ch\/index.php?rest_route=\/wp\/v2\/types\/page"}],"author":[{"embeddable":true,"href":"https:\/\/islam-cf.ch\/index.php?rest_route=\/wp\/v2\/users\/1"}],"replies":[{"embeddable":true,"href":"https:\/\/islam-cf.ch\/index.php?rest_route=%2Fwp%2Fv2%2Fcomments&post=68"}],"version-history":[{"count":4,"href":"https:\/\/islam-cf.ch\/index.php?rest_route=\/wp\/v2\/pages\/68\/revisions"}],"predecessor-version":[{"id":314,"href":"https:\/\/islam-cf.ch\/index.php?rest_route=\/wp\/v2\/pages\/68\/revisions\/314"}],"wp:attachment":[{"href":"https:\/\/islam-cf.ch\/index.php?rest_route=%2Fwp%2Fv2%2Fmedia&parent=68"}],"curies":[{"name":"wp","href":"https:\/\/api.w.org\/{rel}","templated":true}]}}